{"id":75,"date":"2025-09-19T16:32:58","date_gmt":"2025-09-19T16:32:58","guid":{"rendered":"https:\/\/demo3.aftabjaved.com\/?page_id=75"},"modified":"2026-01-06T17:00:21","modified_gmt":"2026-01-06T17:00:21","slug":"contact","status":"publish","type":"page","link":"https:\/\/demo3.aftabjaved.com\/?page_id=75","title":{"rendered":"Kontakt"},"content":{"rendered":"\t\t<div data-elementor-type=\"wp-page\" data-elementor-id=\"75\" class=\"elementor elementor-75\" data-elementor-post-type=\"page\">\n\t\t\t\t\t\t<section class=\"elementor-section elementor-top-section elementor-element elementor-element-d05a340 elementor-section-full_width elementor-section-height-default elementor-section-height-default\" data-id=\"d05a340\" data-element_type=\"section\">\n\t\t\t\t\t\t<div class=\"elementor-container elementor-column-gap-default\">\n\t\t\t\t\t<div class=\"elementor-column elementor-col-100 elementor-top-column elementor-element elementor-element-691a394b\" data-id=\"691a394b\" data-element_type=\"column\">\n\t\t\t<div class=\"elementor-widget-wrap elementor-element-populated\">\n\t\t\t\t\t\t<div class=\"elementor-element elementor-element-442558fb elementor-invisible elementor-widget elementor-widget-google_maps\" data-id=\"442558fb\" data-element_type=\"widget\" data-settings=\"{&quot;_animation&quot;:&quot;fadeIn&quot;}\" data-widget_type=\"google_maps.default\">\n\t\t\t\t\t\t\t<div class=\"elementor-custom-embed\">\n\t\t\t<div class=\"BorlabsCookie _brlbs-cb-googlemaps\"><div class=\"_brlbs-content-blocker\"> <div class=\"_brlbs-embed _brlbs-google-maps\"> <img decoding=\"async\" class=\"_brlbs-thumbnail\" src=\"https:\/\/demo3.aftabjaved.com\/wp-content\/plugins\/borlabs-cookie\/assets\/images\/cb-maps.png\" alt=\"Google Maps\"> <div class=\"_brlbs-caption\"> <p>Mit dem Laden der Karte akzeptieren Sie die Datenschutzerkl\u00e4rung von Google.<br><a href=\"https:\/\/policies.google.com\/privacy\" target=\"_blank\" rel=\"nofollow noopener noreferrer\">Mehr erfahren<\/a><\/p> <p><a class=\"_brlbs-btn\" href=\"#\" data-borlabs-cookie-unblock role=\"button\">Karte laden<\/a><\/p> <p><label><input type=\"checkbox\" name=\"unblockAll\" value=\"1\" checked> <small>Google Maps immer entsperren<\/small><\/label><\/p> <\/div> <\/div> <\/div><div class=\"borlabs-hide\" data-borlabs-cookie-type=\"content-blocker\" data-borlabs-cookie-id=\"googlemaps\"><script type=\"text\/template\">PGlmcmFtZSBsb2FkaW5nPSJsYXp5IgoJCQkJCXNyYz0iaHR0cHM6Ly9tYXBzLmdvb2dsZS5jb20vbWFwcz9xPTQ4LjIyNzEzMDY3NTg4MTQxJTJDJTIwMTAuNzcwNTI1OTI2MDYzODQmIzAzODt0PW0mIzAzODt6PTEyJiMwMzg7b3V0cHV0PWVtYmVkJiMwMzg7aXdsb2M9bmVhciIKCQkJCQl0aXRsZT0iNDguMjI3MTMwNjc1ODgxNDEsIDEwLjc3MDUyNTkyNjA2Mzg0IgoJCQkJCWFyaWEtbGFiZWw9IjQ4LjIyNzEzMDY3NTg4MTQxLCAxMC43NzA1MjU5MjYwNjM4NCIKCQkJPjwvaWZyYW1lPg==<\/script><\/div><\/div>\n\t\t<\/div>\n\t\t\t\t\t\t<\/div>\n\t\t\t\t\t<\/div>\n\t\t<\/div>\n\t\t\t\t\t<\/div>\n\t\t<\/section>\n\t\t\t\t<section class=\"elementor-section elementor-top-section elementor-element elementor-element-202c9f86 elementor-section-boxed elementor-section-height-default elementor-section-height-default\" data-id=\"202c9f86\" data-element_type=\"section\">\n\t\t\t\t\t\t<div class=\"elementor-container elementor-column-gap-default\">\n\t\t\t\t\t<div class=\"elementor-column elementor-col-33 elementor-top-column elementor-element elementor-element-2cb6de4\" data-id=\"2cb6de4\" data-element_type=\"column\" data-settings=\"{&quot;background_background&quot;:&quot;classic&quot;}\">\n\t\t\t<div class=\"elementor-widget-wrap elementor-element-populated\">\n\t\t\t\t\t\t<div class=\"elementor-element elementor-element-710cda1 elementor-position-inline-start elementor-view-default elementor-mobile-position-block-start elementor-invisible elementor-widget elementor-widget-icon-box\" data-id=\"710cda1\" data-element_type=\"widget\" data-settings=\"{&quot;_animation&quot;:&quot;fadeInLeft&quot;}\" data-widget_type=\"icon-box.default\">\n\t\t\t\t\t\t\t<div class=\"elementor-icon-box-wrapper\">\n\n\t\t\t\t\t\t<div class=\"elementor-icon-box-icon\">\n\t\t\t\t<span  class=\"elementor-icon\">\n\t\t\t\t<i aria-hidden=\"true\" class=\"icon icon-house-2\"><\/i>\t\t\t\t<\/span>\n\t\t\t<\/div>\n\t\t\t\n\t\t\t\t\t\t<div class=\"elementor-icon-box-content\">\n\n\t\t\t\t\t\t\t\t\t<h5 class=\"elementor-icon-box-title\">\n\t\t\t\t\t\t<span  >\n\t\t\t\t\t\t\tAdresse\t\t\t\t\t\t<\/span>\n\t\t\t\t\t<\/h5>\n\t\t\t\t\n\t\t\t\t\t\t\t\t\t<p class=\"elementor-icon-box-description\">\n\t\t\t\t\t\tReinhartshofer Str. 48\n86845 Gro\u00dfaitingen\t\t\t\t\t<\/p>\n\t\t\t\t\n\t\t\t<\/div>\n\t\t\t\n\t\t<\/div>\n\t\t\t\t\t\t<\/div>\n\t\t\t\t\t<\/div>\n\t\t<\/div>\n\t\t\t\t<div class=\"elementor-column elementor-col-33 elementor-top-column elementor-element elementor-element-de16160\" data-id=\"de16160\" data-element_type=\"column\" data-settings=\"{&quot;background_background&quot;:&quot;classic&quot;}\">\n\t\t\t<div class=\"elementor-widget-wrap elementor-element-populated\">\n\t\t\t\t\t\t<div class=\"elementor-element elementor-element-c7c9b02 elementor-position-inline-start elementor-view-default elementor-mobile-position-block-start elementor-invisible elementor-widget elementor-widget-icon-box\" data-id=\"c7c9b02\" data-element_type=\"widget\" data-settings=\"{&quot;_animation&quot;:&quot;fadeInUp&quot;}\" data-widget_type=\"icon-box.default\">\n\t\t\t\t\t\t\t<div class=\"elementor-icon-box-wrapper\">\n\n\t\t\t\t\t\t<div class=\"elementor-icon-box-icon\">\n\t\t\t\t<span  class=\"elementor-icon\">\n\t\t\t\t<i aria-hidden=\"true\" class=\"icon icon-phone-call\"><\/i>\t\t\t\t<\/span>\n\t\t\t<\/div>\n\t\t\t\n\t\t\t\t\t\t<div class=\"elementor-icon-box-content\">\n\n\t\t\t\t\t\t\t\t\t<h5 class=\"elementor-icon-box-title\">\n\t\t\t\t\t\t<span  >\n\t\t\t\t\t\t\tKontaktdaten\t\t\t\t\t\t<\/span>\n\t\t\t\t\t<\/h5>\n\t\t\t\t\n\t\t\t\t\t\t\t\t\t<p class=\"elementor-icon-box-description\">\n\t\t\t\t\t\tMf.Haug@t-online.de<br>\nTel: +49 (0)8203 90140<br>\nFax: +49 (0)8203 90142\t\t\t\t\t<\/p>\n\t\t\t\t\n\t\t\t<\/div>\n\t\t\t\n\t\t<\/div>\n\t\t\t\t\t\t<\/div>\n\t\t\t\t\t<\/div>\n\t\t<\/div>\n\t\t\t\t<div class=\"elementor-column elementor-col-33 elementor-top-column elementor-element elementor-element-c7e7c2a\" data-id=\"c7e7c2a\" data-element_type=\"column\" data-settings=\"{&quot;background_background&quot;:&quot;classic&quot;}\">\n\t\t\t<div class=\"elementor-widget-wrap elementor-element-populated\">\n\t\t\t\t\t\t<div class=\"elementor-element elementor-element-b804e5f elementor-position-inline-start elementor-view-default elementor-mobile-position-block-start elementor-invisible elementor-widget elementor-widget-icon-box\" data-id=\"b804e5f\" data-element_type=\"widget\" data-settings=\"{&quot;_animation&quot;:&quot;fadeInRight&quot;}\" data-widget_type=\"icon-box.default\">\n\t\t\t\t\t\t\t<div class=\"elementor-icon-box-wrapper\">\n\n\t\t\t\t\t\t<div class=\"elementor-icon-box-icon\">\n\t\t\t\t<span  class=\"elementor-icon\">\n\t\t\t\t<i aria-hidden=\"true\" class=\"icon icon-clock2\"><\/i>\t\t\t\t<\/span>\n\t\t\t<\/div>\n\t\t\t\n\t\t\t\t\t\t<div class=\"elementor-icon-box-content\">\n\n\t\t\t\t\t\t\t\t\t<h5 class=\"elementor-icon-box-title\">\n\t\t\t\t\t\t<span  >\n\t\t\t\t\t\t\t\u00d6ffnungszeiten\t\t\t\t\t\t<\/span>\n\t\t\t\t\t<\/h5>\n\t\t\t\t\n\t\t\t\t\t\t\t\t\t<p class=\"elementor-icon-box-description\">\n\t\t\t\t\t\tMo:\u00a0 8.30 - 12.00 Uhr<br>\nDi bis Fr: 8.30 - 12.00 Uhr &amp; 13.30 - 18.00 Uhr<br>\nSa: 8.30 - 12.30 Uhr\t\t\t\t\t<\/p>\n\t\t\t\t\n\t\t\t<\/div>\n\t\t\t\n\t\t<\/div>\n\t\t\t\t\t\t<\/div>\n\t\t\t\t\t<\/div>\n\t\t<\/div>\n\t\t\t\t\t<\/div>\n\t\t<\/section>\n\t\t\t\t<section class=\"elementor-section elementor-top-section elementor-element elementor-element-2b3d6690 elementor-section-boxed elementor-section-height-default elementor-section-height-default\" data-id=\"2b3d6690\" data-element_type=\"section\">\n\t\t\t\t\t\t<div class=\"elementor-container elementor-column-gap-default\">\n\t\t\t\t\t<div class=\"elementor-column elementor-col-100 elementor-top-column elementor-element elementor-element-77e5076f\" data-id=\"77e5076f\" data-element_type=\"column\">\n\t\t\t<div class=\"elementor-widget-wrap elementor-element-populated\">\n\t\t\t\t\t\t<div class=\"elementor-element elementor-element-60ea93c elementor-widget-divider--view-line elementor-invisible elementor-widget elementor-widget-divider\" data-id=\"60ea93c\" data-element_type=\"widget\" data-settings=\"{&quot;_animation&quot;:&quot;fadeIn&quot;}\" data-widget_type=\"divider.default\">\n\t\t\t\t\t\t\t<div class=\"elementor-divider\">\n\t\t\t<span class=\"elementor-divider-separator\">\n\t\t\t\t\t\t<\/span>\n\t\t<\/div>\n\t\t\t\t\t\t<\/div>\n\t\t\t\t\t<\/div>\n\t\t<\/div>\n\t\t\t\t\t<\/div>\n\t\t<\/section>\n\t\t\t\t<\/div>\n\t\t","protected":false},"excerpt":{"rendered":"<p>Mit dem Laden der Karte akzeptieren Sie die Datenschutzerkl\u00e4rung von Google.Mehr erfahren Karte laden Google Maps immer entsperren Adresse Reinhartshofer Str. 48 86845 Gro\u00dfaitingen Kontaktdaten Mf.Haug@t-online.de Tel: +49 (0)8203 90140 Fax: +49 (0)8203 90142 \u00d6ffnungszeiten Mo:\u00a0 8.30 &#8211; 12.00 Uhr Di bis Fr: 8.30 &#8211; 12.00 Uhr &amp; 13.30 &#8211; 18.00 Uhr Sa: 8.30 &#8211; [&hellip;]<\/p>\n","protected":false},"author":1,"featured_media":0,"parent":0,"menu_order":0,"comment_status":"closed","ping_status":"closed","template":"","meta":{"footnotes":""},"class_list":["post-75","page","type-page","status-publish","hentry"],"yoast_head":"<!-- This site is optimized with the Yoast SEO plugin v26.7 - https:\/\/yoast.com\/wordpress\/plugins\/seo\/ -->\n<title>Kontakt - G\u00e4rtnerei Haug Gro\u00dfaitingen<\/title>\n<meta name=\"description\" content=\"G\u00e4rtnerei Haug in Gro\u00dfaitingen \u2013 Familienbetrieb seit 1936. Pflanzen aus eigener Anzucht, Floristik, Grabpflege und pers\u00f6nliche Beratung.\" \/>\n<meta name=\"robots\" content=\"index, follow, max-snippet:-1, max-image-preview:large, max-video-preview:-1\" \/>\n<link rel=\"canonical\" href=\"https:\/\/demo3.aftabjaved.com\/?page_id=75\" \/>\n<meta property=\"og:locale\" content=\"de_DE\" \/>\n<meta property=\"og:type\" content=\"article\" \/>\n<meta property=\"og:title\" content=\"Kontakt - G\u00e4rtnerei Haug Gro\u00dfaitingen\" \/>\n<meta property=\"og:description\" content=\"G\u00e4rtnerei Haug in Gro\u00dfaitingen \u2013 Familienbetrieb seit 1936. Pflanzen aus eigener Anzucht, Floristik, Grabpflege und pers\u00f6nliche Beratung.\" \/>\n<meta property=\"og:url\" content=\"https:\/\/demo3.aftabjaved.com\/?page_id=75\" \/>\n<meta property=\"og:site_name\" content=\"G\u00e4rtnerei Haug Gro\u00dfaitingen\" \/>\n<meta property=\"article:modified_time\" content=\"2026-01-06T17:00:21+00:00\" \/>\n<meta name=\"twitter:card\" content=\"summary_large_image\" \/>\n<meta name=\"twitter:label1\" content=\"Gesch\u00e4tzte Lesezeit\" \/>\n\t<meta name=\"twitter:data1\" content=\"1\u00a0Minute\" \/>\n<script type=\"application\/ld+json\" class=\"yoast-schema-graph\">{\"@context\":\"https:\/\/schema.org\",\"@graph\":[{\"@type\":\"WebPage\",\"@id\":\"https:\/\/demo3.aftabjaved.com\/?page_id=75\",\"url\":\"https:\/\/demo3.aftabjaved.com\/?page_id=75\",\"name\":\"Kontakt - G\u00e4rtnerei Haug Gro\u00dfaitingen\",\"isPartOf\":{\"@id\":\"https:\/\/demo3.aftabjaved.com\/#website\"},\"datePublished\":\"2025-09-19T16:32:58+00:00\",\"dateModified\":\"2026-01-06T17:00:21+00:00\",\"description\":\"G\u00e4rtnerei Haug in Gro\u00dfaitingen \u2013 Familienbetrieb seit 1936. Pflanzen aus eigener Anzucht, Floristik, Grabpflege und pers\u00f6nliche Beratung.\",\"breadcrumb\":{\"@id\":\"https:\/\/demo3.aftabjaved.com\/?page_id=75#breadcrumb\"},\"inLanguage\":\"de\",\"potentialAction\":[{\"@type\":\"ReadAction\",\"target\":[\"https:\/\/demo3.aftabjaved.com\/?page_id=75\"]}]},{\"@type\":\"BreadcrumbList\",\"@id\":\"https:\/\/demo3.aftabjaved.com\/?page_id=75#breadcrumb\",\"itemListElement\":[{\"@type\":\"ListItem\",\"position\":1,\"name\":\"Start\",\"item\":\"https:\/\/demo3.aftabjaved.com\/\"},{\"@type\":\"ListItem\",\"position\":2,\"name\":\"Kontakt\"}]},{\"@type\":\"WebSite\",\"@id\":\"https:\/\/demo3.aftabjaved.com\/#website\",\"url\":\"https:\/\/demo3.aftabjaved.com\/\",\"name\":\"G\u00e4rtnerei Haug Gro\u00dfaitingen\",\"description\":\"Bl\u00fchende Freude seit 1936\",\"potentialAction\":[{\"@type\":\"SearchAction\",\"target\":{\"@type\":\"EntryPoint\",\"urlTemplate\":\"https:\/\/demo3.aftabjaved.com\/?s={search_term_string}\"},\"query-input\":{\"@type\":\"PropertyValueSpecification\",\"valueRequired\":true,\"valueName\":\"search_term_string\"}}],\"inLanguage\":\"de\"}]}<\/script>\n<!-- \/ Yoast SEO plugin. -->","yoast_head_json":{"title":"Kontakt - G\u00e4rtnerei Haug Gro\u00dfaitingen","description":"G\u00e4rtnerei Haug in Gro\u00dfaitingen \u2013 Familienbetrieb seit 1936. Pflanzen aus eigener Anzucht, Floristik, Grabpflege und pers\u00f6nliche Beratung.","robots":{"index":"index","follow":"follow","max-snippet":"max-snippet:-1","max-image-preview":"max-image-preview:large","max-video-preview":"max-video-preview:-1"},"canonical":"https:\/\/demo3.aftabjaved.com\/?page_id=75","og_locale":"de_DE","og_type":"article","og_title":"Kontakt - G\u00e4rtnerei Haug Gro\u00dfaitingen","og_description":"G\u00e4rtnerei Haug in Gro\u00dfaitingen \u2013 Familienbetrieb seit 1936. Pflanzen aus eigener Anzucht, Floristik, Grabpflege und pers\u00f6nliche Beratung.","og_url":"https:\/\/demo3.aftabjaved.com\/?page_id=75","og_site_name":"G\u00e4rtnerei Haug Gro\u00dfaitingen","article_modified_time":"2026-01-06T17:00:21+00:00","twitter_card":"summary_large_image","twitter_misc":{"Gesch\u00e4tzte Lesezeit":"1\u00a0Minute"},"schema":{"@context":"https:\/\/schema.org","@graph":[{"@type":"WebPage","@id":"https:\/\/demo3.aftabjaved.com\/?page_id=75","url":"https:\/\/demo3.aftabjaved.com\/?page_id=75","name":"Kontakt - G\u00e4rtnerei Haug Gro\u00dfaitingen","isPartOf":{"@id":"https:\/\/demo3.aftabjaved.com\/#website"},"datePublished":"2025-09-19T16:32:58+00:00","dateModified":"2026-01-06T17:00:21+00:00","description":"G\u00e4rtnerei Haug in Gro\u00dfaitingen \u2013 Familienbetrieb seit 1936. Pflanzen aus eigener Anzucht, Floristik, Grabpflege und pers\u00f6nliche Beratung.","breadcrumb":{"@id":"https:\/\/demo3.aftabjaved.com\/?page_id=75#breadcrumb"},"inLanguage":"de","potentialAction":[{"@type":"ReadAction","target":["https:\/\/demo3.aftabjaved.com\/?page_id=75"]}]},{"@type":"BreadcrumbList","@id":"https:\/\/demo3.aftabjaved.com\/?page_id=75#breadcrumb","itemListElement":[{"@type":"ListItem","position":1,"name":"Start","item":"https:\/\/demo3.aftabjaved.com\/"},{"@type":"ListItem","position":2,"name":"Kontakt"}]},{"@type":"WebSite","@id":"https:\/\/demo3.aftabjaved.com\/#website","url":"https:\/\/demo3.aftabjaved.com\/","name":"G\u00e4rtnerei Haug Gro\u00dfaitingen","description":"Bl\u00fchende Freude seit 1936","potentialAction":[{"@type":"SearchAction","target":{"@type":"EntryPoint","urlTemplate":"https:\/\/demo3.aftabjaved.com\/?s={search_term_string}"},"query-input":{"@type":"PropertyValueSpecification","valueRequired":true,"valueName":"search_term_string"}}],"inLanguage":"de"}]}},"_links":{"self":[{"href":"https:\/\/demo3.aftabjaved.com\/index.php?rest_route=\/wp\/v2\/pages\/75","targetHints":{"allow":["GET"]}}],"collection":[{"href":"https:\/\/demo3.aftabjaved.com\/index.php?rest_route=\/wp\/v2\/pages"}],"about":[{"href":"https:\/\/demo3.aftabjaved.com\/index.php?rest_route=\/wp\/v2\/types\/page"}],"author":[{"embeddable":true,"href":"https:\/\/demo3.aftabjaved.com\/index.php?rest_route=\/wp\/v2\/users\/1"}],"replies":[{"embeddable":true,"href":"https:\/\/demo3.aftabjaved.com\/index.php?rest_route=%2Fwp%2Fv2%2Fcomments&post=75"}],"version-history":[{"count":18,"href":"https:\/\/demo3.aftabjaved.com\/index.php?rest_route=\/wp\/v2\/pages\/75\/revisions"}],"predecessor-version":[{"id":482,"href":"https:\/\/demo3.aftabjaved.com\/index.php?rest_route=\/wp\/v2\/pages\/75\/revisions\/482"}],"wp:attachment":[{"href":"https:\/\/demo3.aftabjaved.com\/index.php?rest_route=%2Fwp%2Fv2%2Fmedia&parent=75"}],"curies":[{"name":"wp","href":"https:\/\/api.w.org\/{rel}","templated":true}]}}